
Let x be ((-464)/(-3))/(-8)*3/(-2). Suppose x = 4*h - 423. What is the units digit of h?
3
Let u be 2/(-8) - 26/(-8). Let n be (-4 + u)/((-2)/(-28)). What is the units digit of (-110)/n - 5/(-35)?
8
Let w(y) = -y**2 + 9*y + 16. Let d be w(9). Suppose 19*t - 156 = d*t. What is the units digit of t?
2
Suppose 290 = 7*o - 235. What is the units digit of o?
5
Let w(u) = 65*u - 82. What is the hundreds digit of w(9)?
5
Let b(m) = m**3 - 8*m**2 + 8*m - 14. Let n be b(6). Let d = 29 + n. What is the units digit of d/(-18) - (-6)/4?
2
Let d(r) = 6*r**2 + 5*r + 5. Suppose 5*y - 23 = -z, 5*y = -z + 3*z + 29. Let v be d(z). Suppose -4*k = -103 + v. What is the tens digit of k?
2
Suppose c = -3*p - 2*p - 22, 2*p + 8 = 0. Let f(l) be the second derivative of -2*l**3/3 - l**2 - l. What is the units digit of f(c)?
6
Let t(b) = -50*b + 30. What is the hundreds digit of t(-11)?
5
Let s = -1419 + 2107. What is the units digit of s?
8
Let r = 119 + -337. Let o = -107 - r. What is the units digit of o?
1
Suppose -5*q = 2*o - 37, 3*o + 18 = 5*q - 2*q. Let x(z) be the first derivative of z**3/3 - 5*z**2/2 + 58. What is the tens digit of x(q)?
1
Suppose -5*n + 162 = -3*q, 5*q + n = q - 193. Let p = -32 - q. What is the units digit of p?
7
Let i = 10 + -5. Suppose -2*l - 25 = -3*d, 6*l = d + 2*l - i. What is the units digit of d?
9
Let f = -46 + 48. Suppose -5*v + 90 = 5*y, 0 = -2*v - f*y - 2*y + 26. What is the tens digit of v?
2
Let w = -34 + 41. What is the tens digit of (-62)/(w/(28/(-8)))?
3
Let h be (-2)/(-5)*702/(-12)*-10. Let v = h + 85. What is the units digit of v?
9
Let x = -920 + 2669. What is the units digit of x?
9
Let s = -4066 - -8844. What is the units digit of s?
8
Let f = -67 - -228. What is the hundreds digit of f?
1
Suppose -2528 = -2*m - 0*z - 5*z, -5056 = -4*m + z. What is the units digit of m?
4
Let k = 4315 + -2680. What is the tens digit of k?
3
Let c(u) = -5*u - 201*u**2 + 202*u**2 + 0*u - 12. What is the units digit of c(7)?
2
Let w(i) = 132*i**2 + 4*i + 5. Let v be w(-1). Let t = 246 - v. What is the hundreds digit of t?
1
Suppose -2*t + 140 = -220. Let b be (-91 - (-2)/2)*8/(-6). Let w = t - b. What is the tens digit of w?
6
Let b(s) = -66*s + 65. What is the hundreds digit of b(-4)?
3
Let b(m) = 19*m**2. Let a(z) = -z**3 - 5*z**2 + 4*z - 13. Suppose 3*f - 4*f = 6. Let p be a(f). What is the units digit of b(p)?
9
Let g = -1380 - -2345. What is the tens digit of g?
6
Let i(d) = 6*d**3 + 5*d**2 - 16*d + 2. What is the hundreds digit of i(7)?
1
Suppose -88 = -20*a - 8. Let x(r) = r**3 - 2*r + 1. Let z be x(1). What is the units digit of 1 - (a + z)/(-4)?
2
Let w = 649 + -372. What is the units digit of w?
7
Let s(d) = -d**3 - 10*d**2 - 20*d + 5. What is the units digit of s(-10)?
5
Let m(a) = -2*a - 3*a + 4*a + 4*a + 25. What is the tens digit of m(13)?
6
Let q(v) = 7*v**3 + v**2 - 1. Suppose -2*m = i - 6, 4*m + i + 3*i = 20. Let h be q(m). What is the units digit of h/((-105)/(-6))*60?
4
Suppose -4 = -x, s - 16 = -3*s - x. Suppose s*l - 11 = 2*a, 3*l - 3*a - 12 = -0*l. Let h(d) = -d**3 + 5*d**2 - 4*d + 4. What is the tens digit of h(l)?
1
Suppose -11189 = 23*m - 32970. What is the units digit of m?
7
Suppose -3*h - 15 = 0, 5*o - 5*h = 53 - 18. Let p = 127 + -91. Suppose -f = o*f - p. What is the tens digit of f?
1
Let i(k) = 169*k**2 + 20*k + 69. What is the thousands digit of i(-5)?
4
Let t(y) = 22*y**3 + 6*y**2 - 13*y + 12. What is the units digit of t(2)?
6
Let l(y) = 15*y + 23. Let k be l(9). Suppose -5*u = -4*m - 278, -2*m + k = 3*u - 0*u. What is the units digit of u?
4
Let a(g) = 2295*g**3 - 2*g**2 - 4*g + 4. What is the units digit of a(1)?
3
Suppose 2*g = -u + 5, 3*g - u = -3*u + 5. Suppose -5*n + 25 = 0, -2*n = -z - 4*z + 440. Suppose 0*y - g*y + 60 = d, z = 5*y - 5*d. What is the units digit of y?
3
Let v be (-1)/(-3)*(-9 - (-36)/6). What is the units digit of (-20)/40 - (v - 303/2)?
2
Suppose -67*r + 185173 + 106478 = 0. What is the hundreds digit of r?
3
Let d(w) be the third derivative of -w**5/60 - 5*w**4/24 - 4*w**3/3 + 8*w**2. Let p be d(-5). Let n = 50 + p. What is the units digit of n?
2
What is the units digit of (-2 + -3 - -2) + 3069/11?
6
Let l(b) = 20*b**2 - 2*b - 83. What is the units digit of l(-7)?
1
Suppose -8*l + 3*l = 0. Suppose 0 = -3*w - 2*n - 1 + 84, w + n - 29 = l. What is the tens digit of w?
2
Let a be ((-20)/6)/(118/(-114) - -1). Suppose 5*t - 7*t + 172 = -5*v, -t + a = 2*v. What is the units digit of t?
1
Let l(r) be the first derivative of -r**4/4 - 8*r**3/3 - 4*r**2 - 9*r + 1. Let x be l(-7). What is the tens digit of ((-7)/x)/(3/18)?
2
Suppose -54*h = -29*h - 11450. What is the hundreds digit of h?
4
Let c(b) = -180*b - 722. What is the thousands digit of c(-20)?
2
Let s(o) = -o**2 + 11*o - 6. Suppose 2*k - 19 = 5*r, -5*k = -k + r - 5. Suppose -k*p - j = 4*j + 17, 0 = -5*p - 5*j - 5. What is the units digit of s(p)?
2
Suppose h - 39 = -d + 248, -1176 = -4*d + 3*h. What is the tens digit of d?
9
Suppose -4*f + 25 = -15. Let t = 48 + f. What is the units digit of t?
8
Let n be (-6)/(-36) + (-11)/(-6). Let s be (1/n)/((-1)/4). Let l = s - -5. What is the units digit of l?
3
Let x be ((-51)/2)/(7/(-14)). Suppose 17 + 35 = -2*v. Let m = v + x. What is the units digit of m?
5
Let v(u) = -u**3 + 22*u**2 - 17*u - 3. What is the tens digit of v(12)?
3
Let j(r) be the third derivative of r**5/60 + 7*r**4/24 + 2*r**3/3 - 5*r**2. What is the tens digit of j(-9)?
2
Suppose -5*l = -2*l - 618. What is the hundreds digit of l?
2
Let j(n) = 7*n**2 - 5*n + 11. Let g be j(4). Suppose -3 = -3*s, s - 2*s = -4*f + g. What is the units digit of f?
6
Suppose -2*d = -p + 27, 2*d - 22 = -p + 3*d. Suppose p = f + 2*n, -3*f = -5*f - 2*n + 42. What is the tens digit of f?
2
Let w = -20 - -17. Let h be 4/(4 - (-10)/w). Let l(j) = 3*j - 4. What is the tens digit of l(h)?
1
Suppose -5*l = -3*s - 55, -s - 1 = 5*l - 16. What is the tens digit of ((-4865)/s)/7 - 1/2?
6
Let m = -2991 - -4277. What is the hundreds digit of m?
2
Suppose 5*o + 3*i - 892 = o, -o + 4*i + 223 = 0. What is the units digit of o?
3
Suppose r - 1 = 0, 4*f = 3*r + 64 - 11. What is the tens digit of ((-36)/(-14))/(1/f)?
3
Let u be 3 + -4 - 3*-93. Let g = u + -60. What is the hundreds digit of g?
2
Let q(v) = 42*v**2 + 85*v + 338. What is the tens digit of q(-4)?
7
Suppose 4*p - 27 = 2*i - 199, -4*p = 8. What is the units digit of i?
2
Suppose 6027 = 5*t - 4213. What is the units digit of t?
8
Let w(a) = a**3 - 9*a**2 - 14*a + 20. Let h be w(10). Let c = 73 - h. What is the tens digit of c?
9
What is the hundreds digit of 38/(845/105 - 8)?
7
What is the hundreds digit of (-12)/9*(-21564)/24?
1
Let r(n) = 2*n**2 - 14*n - 7. Let c = -34 + 45. What is the units digit of r(c)?
1
Let v(r) = -r**3 + 2*r**2 - 7*r + 7. Let h be v(-5). Suppose -3 = -2*k + h. What is the tens digit of k?
1
Suppose -5*d - z + 19 = 0, -4*d - z + 5*z - 4 = 0. Suppose a - n - d - 46 = 0, 5*n = -3*a + 139. What is the tens digit of a?
4
Suppose -3*p = 2*h - 8*p - 677, 3*h = -5*p + 953. What is the tens digit of h?
2
Suppose p = 4*b - 15, 4*p + 1 + 11 = 0. Let i(d) = -5*d - 80. Let m be i(-16). Suppose m*c + b*c = 6. What is the units digit of c?
2
Let h be (-4 - (-4)/2)*-1. Suppose 13*g - 22 - 56 = 0. Suppose a - g = -2*i - h*a, -2*a = i - 2. What is the units digit of i?
6
Let x be (-2 - -2)/((-9)/3 + 1). What is the units digit of (76 - (3 + -4)) + x + -1?
6
Let w = 4951 + -3536. What is the hundreds digit of w?
4
Let i(s) = s**2 - 2*s + 1. Let o be i(1). Let z be ((-2)/4)/((-4)/(-232)). Let b = o - z. What is the tens digit of b?
2
Let y(l) = -5*l**3 - 2*l**2 - 9*l - 6. What is the hundreds digit of y(-5)?
6
Let b = 1151 + -580. Suppose 9*t - 455 = b. What is the units digit of t?
4
Let u(v) = 49*v**2 + 7*v - 8. What is the hundreds digit of u(3)?
4
Let l(x) = x**2 - 9*x + 11. Let z be l(6). What is the tens digit of ((-5276)/(-28) - 3) + (-4)/z?
8
Suppose 0*j + 2*j = 10. Let h(l) = -l - 1. Let c(n) = -n**2 + 7*n + 11. Let x(m) = -c(m) - 4*h(m). What is the units digit of x(j)?
3
Let j(f) be the third derivative of 0 + 3/2*f**3 + 3/8*f**4 + 0*f + 12*f**2. What is the units digit of j(5)?
4
Suppose 7*p = 5*z + 2*p - 30, 2*z + p = 0. Suppose -z*k + 5 = -3. Let b = 53 - k. What is the unit